-4*y**2 + 2*y + 1. Let w be q(-1). Calculate d(w).
1
Let y(n) = n**3 + 6*n**2 + 2*n + 11. Suppose -8*f - 2580 = -2532. Determine y(f).
-1
Let l(b) be the first derivative of 3*b**4/4 - 16*b**3 + 37*b**2/2 - 47*b + 5. Let t(z) = -z**3 + 16*z**2 - 13*z + 16. Let f(n) = 6*l(n) + 17*t(n). Give f(16).
6
Let t(l) = -67*l**3 + 52*l**2 + 3*l - 23. Let w(k) = -17*k**3 + 14*k**2 + k - 6. Let g(n) = -3*t(n) + 11*w(n). Give g(-1).
-15
Let a(g) = 8*g + 25. Suppose 229*h - 49 = 236*h. Give a(h).
-31
Let d(t) = t**3 + 19*t**2 - t - 22. Let k(a) = a**3 - a**2 - 13*a + 3. Let b be k(2). What is d(b)?
-3
Let f(y) = y + 6. Let s = -683 + 459. Let m be s/38 + -1 - 328/3116. Give f(m).
-1
Suppose 910 = 11*o + 833. Let a(m) = -5*m**2 - 25*m - 5. Suppose 3*p + p + 16 = 0. Let r(s) = -3*s**2 - 13*s - 3. Let t(h) = o*r(h) + p*a(h). Calculate t(8).
7
Let i(w) = 6*w - 188. Let o = 12280 - 12250. Give i(o).
-8
Let n(z) be the second derivative of -z**4/24 + z**3/3 - 105*z**2/2 + z + 65. Let o(r) be the first derivative of n(r). Give o(-8).
10
Let h(i) = -2*i - 1. Suppose -5*u + 15*y = 17*y - 11, 0 = 5*u + 3*y - 14. Let v(k) = -23*k + 28. Let g be v(u). Calculate h(g).
-11
Let b(f) be the second derivative of 0*f**2 + 0*f**4 - 1/60*f**5 + 0 - 3*f**3 - 8*f. Let t(p) be the second derivative of b(p). Determine t(-1).
2
Let z(n) = -n**3 - 4*n**2 + 4*n + 2. Let s(v) = -14*v**2 + v**3 + 811*v + 0*v**3 - 4 - 798*v. Let g be s(13). Determine z(g).
-14
Let r = -4 + 6. Let x(o) be the third derivative of 1/6*o**3 + 0*o**5 + 0*o - 274*o**2 + 0 - 1/120*o**6 - 1/12*o**4. What is x(r)?
-11
Let w(x) = -30*x + 53. Let o = 1071 + -1069. What is w(o)?
-7
Let c = 51 + -47. Suppose 0 = 5*g, -115 = q + c*q + 4*g. Let d = q + 18. Let w(s) = s**3 + 4*s**2 - s + 5. What is w(d)?
-15
Suppose -4*y = -o + 18, -20 = 3*o + 2*o + 2*y. Suppose -2*m - 35 = -5*v, 5*v = -2*m - 22 + 57. Let f(z) = -v - 1 + 7 - 4*z. Calculate f(o).
7
Let i(k) = 442*k**2 + k**3 - 2*k + 22 - 220*k**2 + 12*k - 220*k**2. Calculate i(-3).
-17
Let r(z) = -5*z**2 - 130*z + 218. Let u(f) = f**2 + 22*f - 34. Let o(s) = -4*r(s) - 25*u(s). Calculate o(-5).
3
Let u(d) be the third derivative of d**5/15 - 13*d**4/24 + 31*d**3/6 + 2702*d**2. Determine u(3).
28
Let g(d) = d. Let h(l) = -8*l - 5. Let n(q) = 3*g(q) + h(q). Suppose p - 12 = -4*i, 2*p - 10*i - 2 = -7*i. Calculate n(p).
-25
Suppose 0 = 3*x - 8 - 1. Let q = 1358 + -1261. Let z(s) = x*s - 102 + q - 4*s. Give z(-7).
2
Let a(i) be the second derivative of 0*i**2 + i + 17/20*i**5 + 4 - 1/12*i**4 + 1/6*i**3. Calculate a(1).
17
Suppose -3*o = 2*o - 30. Let v(z) = 26*z + 3345. Let h(w) = -9*w - 1181. Let f(n) = -17*h(n) - 6*v(n). What is f(o)?
-11
Suppose -3*q - 4 = -q + 4*v, -q + v = -4. Suppose q*c + 12 = 16. Let i(y) = 2*y**c - 4 + 2 - 2*y - 3*y**2. Calculate i(-5).
-17
Let w(l) = -2*l - 27 + 28 + 23 - 12*l. Determine w(0).
24
Suppose -2*b + 282 = 5*u + 278, -2*b = -u - 4. Let r(a) = -a**3 - a**2 - a - 3. Let i(g) = -g**3. Let y(h) = 3*i(h) - r(h). Determine y(b).
-7
Let w be (-17)/(1683/18) - (-134)/11. Let k(y) be the second derivative of -4/3*y**3 - 1/2*y**2 + 0 + w*y. Determine k(-2).
15
Let v(j) = -3*j - 5. Let k(f) = -4*f - 9. Let p(z) = -2*k(z) + 3*v(z). Suppose -2*q = -6*q + 12. What is p(q)?
0
Let h(o) be the second derivative of 1/3*o**4 + 3*o**2 + 23*o + 0 + 1/20*o**5 - 2/3*o**3. Give h(-5).
1
Let b(s) = 10*s**3 - 2*s + 1. Let r be 1583/5 + 12/30. Let j = -316 + r. Calculate b(j).
9
Let k(t) = -t**2 + 13*t - 37. Let j be k(6). Let y(r) = -j*r + 7 + 6*r - 3 - 3. Let f be -1 - (-4 - -2 - 1). Give y(f).
3
Let h = -33 + 35. Let d(l) = h - 3 + 5 - 3 - l. Let k(x) = -x**2 + 6*x + 4. Let q be k(7). Give d(q).
4
Let v(s) = -s**2 + 9*s - 7. Suppose 4*u - 10 = 2*u. Let k be v(u). Let b(r) = 8*r - k*r + 0*r. Determine b(3).
-15
Let w(p) = 2*p + 21. Let l(o) = -3*o - 17. Let d(a) = -l(a) - w(a). Let i(u) be the second derivative of u**3/3 - u**2 + 2*u. Let x be i(4). What is d(x)?
2
Let o(l) be the second derivative of -l**4/4 - 17*l**3/6 - 19*l**2/2 + 3691*l. What is o(-4)?
1
Let p(q) = -24*q**2 - 2*q + 3. Let i = 2027 - 2026. Determine p(i).
-23
Let i(x) = x**2 - 7*x - 11. Let y be (11/(-4) + 4)/((-11)/(-2904)). Suppose -24 = -333*p + y*p. Give i(p).
-3
Let h be (1/(-4))/(3/(-12)). Let w(y) = -y - 2*y + y - h - 3*y**2. Suppose l - 4 + 5 = 0. Give w(l).
-2
Let u(o) = 3*o**2 - 14*o + 2. Let h = -4059 + 4064. Give u(h).
7
Let z(c) = 2*c**2 - 16*c - 40. Let i(t) = -t**2 + 8*t + 24. Let r(y) = -5*i(y) - 3*z(y). Let o be (1 - 0)/((-2)/(-8)). Suppose 0 = o*q + q - 30. What is r(q)?
12
Let d = -16 - -11. Let c(a) = -3*a + 23. Let i(l) = 4*l - 12. Let x(k) = -c(k) - i(k). Let o(w) = -2*w - 21. Let q(p) = d*x(p) + 2*o(p). What is q(-9)?
4
Let p(x) = x**3 - 17*x**2 + 24*x - 131. Let q be p(16). Let d(n) = 7*n**2 + 4*n - 2. Determine d(q).
49
Let m(k) be the first derivative of -k**5/20 - 13*k**4/12 + 8*k**3/3 + 15*k**2/2 + 221*k - 33. Let d(r) be the first derivative of m(r). Give d(-14).
-13
Let p(w) = w**3 + 9*w**2 + 6*w - 9. Let f be 0/(4/(-1 - 1)). Let x be f - (-1)/(60/32 + -2). Calculate p(x).
7
Let f be (-19 + -1)*(-3)/(-6). Let a be -1 + (-50)/(-75) + (-2)/(-6). Let v(m) = m**3 - 151 + a*m**3 - 124 + 267 + 9*m + 11*m**2. Determine v(f).
2
Let h(a) = 12*a + 91. Let o = -1956 - -1948. Give h(o).
-5
Let n(o) = -o + 15. Suppose 0 = -4*j + 537 - 557. Let d(s) = s**3 + 3*s**2 - 11*s - 16. Let b be d(j). What is n(b)?
26
Let c(a) = a**2 + 2 - 19*a - 26*a + 0*a**2 + 65*a - 27*a. Suppose 0 = i - 5*i + 24. Determine c(i).
-4
Let z be 1*(-3)/(-1) + (10 - -3). Suppose -15*n = 2*d - z*n + 4, 0 = -n. Let q(w) = -w - 2. Let a(b) = -5*b + 2. Let k(u) = d*q(u) - a(u). Calculate k(-5).
-33
Let k(j) = 2 + 1 - j**3 - 6 + j**2 - 2*j. Let a be k(0). Let r(l) = -8*l**2 + 6*l - 2. Let m(s) = 3*s**2 - 2*s + 1. Let d(h) = 11*m(h) + 4*r(h). Calculate d(a).
6
Let f(b) = 2*b - 19. Let r(l) = 2*l**2 + 94*l + 355. Let q be r(-4). What is f(q)?
3
Suppose 4*i + 1239 - 1267 = 0. Let b(s) = 6*s + 4. Give b(i).
46
Let d(f) = 189727*f**3 + 189941*f**3 - 3*f + 2 - 379671*f**3. Suppose 0 = 2*b - 5*t - 12, -3*b + 6 = b - t. Determine d(b).
-4
Let z(n) = 17531*n**2 - 3*n - 5 - 6*n - 17535*n**2. Let t(i) = 5*i**2 + 10*i + 5. Let a = 4 + -7. Let y(u) = a*t(u) - 4*z(u). Give y(-5).
0
Suppose -71 = 6*m - 95. Suppose -z = -3*b + 9, 5*z - m*b + 20 = z. Let q(v) = -1 - v + 10*v**3 - 9*v**3 + 0*v**2 + 2*v**2. Determine q(z).
-7
Let w(f) = 65 - 16 - 3*f - f**2 - 33 - f**2 + 3*f**2. Determine w(6).
34
Let q(s) = 0*s**2 + 2*s**2 + 19 - s**2. Suppose 76 = -3*c + 334. Let g = 86 - c. Give q(g).
19
Let i(w) be the first derivative of w**3/3 - 3*w**2/2 - 9*w + 1124. What is i(4)?
-5
Let y be (754/117 + -6)*12/8*6. Let u(v) = v**2 + v + 5 + 3*v**2 - 5*v**2. Give u(y).
-7
Let z(r) be the second derivative of r**3/6 - 5*r**2 - 1988*r. Let k = 22 - 16. Calculate z(k).
-4
Let q(h) = 8*h - 688 + 1365 - 673. Let f be -2 + (-72)/(-42) + (-33)/7. Give q(f).
-36
Let s = 3991 - 3983. Let v(x) = -5*x - x + 3 - 2 + 9*x**2 - x**3. What is v(s)?
17
Let j = -70 - -60. Let i(f) = f**2 + 8*f - 20. Let a be i(j). Let c(y) = -y + 7. Determine c(a).
7
Let y(l) = -10*l**2 + 11*l - 4. Let j(x) = -9*x**2 - 2*x. Let p(n) = j(n) - y(n). Calculate p(9).
-32
Let d = -26513/20 - -3977/3. Let z(r) be the third derivative of -r**2 + 0 + d*r**5 - 1/3*r**3 + 0*r + 5/24*r**4. What is z(-5)?
-2
Let w(h) = -27 - 39 - 41 - 1881*h + 80 + 1898*h. Calculate w(6).
75
Let w(p) = p**2 + 7*p + 9. Suppose 2*o + 5*r = o + 75, -15 = -3*r. Suppose -t - o = -44. Determine w(t).
3
Let k(n) be the third derivative of n**4/8 - 43*n**3/3 - 5*n**2 + 494*n. Calculate k(28).
-2
Suppose 63*v - 60*v = 27. Suppose 51 = -6*f - v. Let h(q) = -3*q - 5 - 23 + 2*q + 14. Determine h(f).
-4
Let u(d) = 3*d**3 + 14*d**2 + 6*d - 32. Let x(p) = p**3 + 3*p**2 - 3. Let m(c) = -u(c) + 2*x(c). Give m(-7).
19
Let h(s) = -s**3 + 8*s**2 - 12*s + 30. Let g be h(7). Let l be g - 411/(-27) - (-4)/(-18). Let o(w) = -w**3 + 9*w**2 + 9*w + 13. Give o(l).
3
Suppose 3 + 3 = 3*v. Let j(z) be the third derivative of 3*z**4/4 + z**3/3 + 1075*z**2 - 3. Determine j(v).
38
Suppose 0 = 3*z + 16 + 5. Let d = 190 + -187. Let k(m) = d - 6*m**2 - m**3 - 5 + 5*m + 6 + 3*m. Determine k(z).
-3
Let a(i) = i**2 + 21*i + 55. Let s b